r when 1306 is divided by 165?
151
What is the remainder when 262 is divided by 44?
42
Calculate the remainder when 74 is divided by 27.
20
Calculate the remainder when 1097 is divided by 26.
5
What is the remainder when 113 is divided by 23?
21
What is the remainder when 134 is divided by 20?
14
What is the remainder when 298 is divided by 84?
46
What is the remainder when 123 is divided by 31?
30
What is the remainder when 1228 is divided by 82?
80
What is the remainder when 769 is divided by 129?
124
Calculate the remainder when 783 is divided by 133.
118
What is the remainder when 726 is divided by 21?
12
What is the remainder when 724 is divided by 20?
4
Calculate the remainder when 124 is divided by 49.
26
Calculate the remainder when 2713 is divided by 46.
45
Calculate the remainder when 550 is divided by 23.
21
What is the remainder when 174 is divided by 18?
12
What is the remainder when 31 is divided by 5?
1
Calculate the remainder when 111 is divided by 59.
52
What is the remainder when 91 is divided by 5?
1
Calculate the remainder when 107 is divided by 55.
52
What is the remainder when 4031 is divided by 64?
63
Calculate the remainder when 2205 is divided by 284.
217
Calculate the remainder when 3322 is divided by 26.
20
Calculate the remainder when 1504 is divided by 166.
10
Calculate the remainder when 73 is divided by 3.
1
Calculate the remainder when 2093 is divided by 423.
401
Calculate the remainder when 5993 is divided by 37.
36
What is the remainder when 634 is divided by 29?
25
Calculate the remainder when 147 is divided by 51.
45
Calculate the remainder when 9345 is divided by 50.
45
Calculate the remainder when 61 is divided by 9.
7
Calculate the remainder when 370 is divided by 113.
31
Calculate the remainder when 1206 is divided by 103.
73
Calculate the remainder when 116 is divided by 51.
14
What is the remainder when 2986 is divided by 18?
16
Calculate the remainder when 1117 is divided by 7.
4
What is the remainder when 166 is divided by 8?
6
Calculate the remainder when 250 is divided by 148.
102
Calculate the remainder when 41 is divided by 9.
5
What is the remainder when 2470 is divided by 24?
22
Calculate the remainder when 242 is divided by 62.
56
What is the remainder when 5358 is divided by 4?
2
Calculate the remainder when 1700 is divided by 46.
44
Calculate the remainder when 1350 is divided by 293.
178
What is the remainder when 2851 is divided by 56?
51
What is the remainder when 156 is divided by 49?
9
What is the remainder when 133 is divided by 67?
66
Calculate the remainder when 136 is divided by 42.
10
Calculate the remainder when 26 is divided by 7.
5
Calculate the remainder when 59 is divided by 12.
11
What is the remainder when 41 is divided by 1?
0
What is the remainder when 36113 is divided by 155?
153
Calculate the remainder when 1958 is divided by 27.
14
What is the remainder when 118 is divided by 11?
8
Calculate the remainder when 121 is divided by 21.
16
What is the remainder when 383 is divided by 35?
33
What is the remainder when 1799 is divided by 86?
79
What is the remainder when 84 is divided by 12?
0
What is the remainder when 200 is divided by 165?
35
Calculate the remainder when 174 is divided by 85.
4
Calculate the remainder when 249 is divided by 41.
3
What is the remainder when 11824 is divided by 81?
79
Calculate the remainder when 107 is divided by 19.
12
Calculate the remainder when 265 is divided by 73.
46
Calculate the remainder when 2939 is divided by 10.
9
What is the remainder when 93 is divided by 24?
21
What is the remainder when 93 is divided by 26?
15
Calculate the remainder when 941 is divided by 467.
7
What is the remainder when 285 is divided by 72?
69
Calculate the remainder when 159 is divided by 22.
5
Calculate the remainder when 51 is divided by 19.
13
Calculate the remainder when 787 is divided by 44.
39
What is the remainder when 476 is divided by 80?
76
What is the remainder when 642 is divided by 619?
23
Calculate the remainder when 116 is divided by 24.
20
What is the remainder when 2247 is divided by 188?
179
Calculate the remainder when 3993 is divided by 74.
71
What is the remainder when 113 is divided by 24?
17
What is the remainder when 471 is divided by 122?
105
Calculate the remainder when 17 is divided by 9.
8
Calculate the remainder when 359 is divided by 12.
11
Calculate the remainder when 615 is divided by 213.
189
What is the remainder when 107 is divided by 21?
2
Calculate the remainder when 1778 is divided by 254.
0
Calculate the remainder when 204 is divided by 87.
30
Calculate the remainder when 27039 is divided by 160.
159
What is the remainder when 94 is divided by 83?
11
Calculate the remainder when 28324 is divided by 103.
102
Calculate the remainder when 195 is divided by 129.
66
Calculate the remainder when 3274 is divided by 66.
40
What is the remainder when 50 is divided by 20?
10
What is the remainder when 187 is divided by 27?
25
Calculate the remainder when 716 is divided by 67.
46
What is the remainder when 685 is divided by 18?
1
What is the remainder when 370 is divided by 12?
10
What is the remainder when 347 is divided by 64?
27
What is the remainder when 390 is divided by 32?
6
What is the remainder when 65 is divided by 17?
14
Calculate the remainder when 5397 is divided by 108.
105
What is the remainder when 1802 is divided by 140?
122
Calculate the remainder when 8978 is divided by 73.
72
What is the remainder when 838 is divided by 24?
22
Calculate the remainder when 197 is divided by 18.
17
What is the remainder when 106 is divided by 59?
47
Calculate the remainder when 86 is divided by 10.
6
Calculate the remainder when 412 is divided by 16.
12
What is the remainder when 7512 is divided by 13?
11
Calculate the remainder when 9590 is divided by 35.
0
What is the remainder when 110 is divided by 29?
23
What is the remainder when 4844 is divided by 113?
98
Calculate the remainder when 1623 is divided by 322.
13
What is the remainder when 1180 is divided by 14?
4
Calculate the remainder when 261 is divided by 71.
48
What is the remainder when 1053 is divided by 218?
181
What is the remainder when 255 is divided by 37?
33
Calculate the remainder when 19829 is divided by 67.
64
Calculate the remainder when 801 is divided by 17.
2
What is the remainder when 1960 is divided by 41?
33
What is the remainder when 1693 is divided by 147?
76
Calculate the remainder when 1044 is divided by 175.
169
Calculate the remainder when 158 is divided by 77.
4
What is the remainder when 1860 is divided by 81?
78
Calculate the remainder when 1337 is divided by 441.
14
Calculate the remainder when 9155 is divided by 84.
83
Calculate the remainder when 1297 is divided by 335.
292
What is the remainder when 179 is divided by 12?
11
What is the remainder when 1214 is divided by 141?
86
What is the remainder when 120 is divided by 3?
0
Calculate the remainder when 10 is divided by 7.
3
Calculate the remainder when 42 is divided by 33.
9
Calculate the remainder when 303 is divided by 108.
87
What is the remainder when 417 is divided by 19?
18
Calculate the remainder when 658 is divided by 136.
114
What is the remainder when 52 is divided by 7?
3
What is the remainder when 1316 is divided by 91?
42
Calculate the remainder when 554 is divided by 43.
38
Calculate the remainder when 52 is divided by 24.
4
Calculate the remainder when 1360 is divided by 46.
26
What is the remainder when 915 is divided by 77?
68
Calculate the remainder when 613 is divided by 54.
19
What is the remainder when 121 is divided by 61?
60
Calculate the remainder when 977 is divided by 317.
26
What is the remainder when 172 is divided by 25?
22
What is the remainder when 12 is divided by 8?
4
What is the remainder when 458 is divided by 52?
42
What is the remainder when 1336 is divided by 19?
6
Calculate the remainder when 446 is divided by 77.
61
What is the remainder when 71 is divided by 13?
6
What is the remainder when 97 is divided by 9?
7
Calculate the remainder when 102 is divided by 36.
30
What is the remainder when 61 is divided by 32?
29
Calculate the remainder when 14 is divided by 3.
2
Calculate the remainder when 3644 is divided by 907.
16
Calculate the remai